{"id":9884,"date":"2026-01-12T15:58:27","date_gmt":"2026-01-12T14:58:27","guid":{"rendered":"https:\/\/www.makuku.pl\/shop\/?post_type=product&#038;p=9884"},"modified":"2026-02-02T23:18:37","modified_gmt":"2026-02-02T22:18:37","slug":"top-crete-black","status":"publish","type":"product","link":"https:\/\/www.makuku.pl\/shop\/?product=top-crete-black","title":{"rendered":"Top Crete Black"},"content":{"rendered":"<p>Top<strong> Crete<\/strong> w kolorze czarnym. Top uszyty jest z mocno elastycznej i wygodnej tkaniny, przylega do cia\u0142a, nie odstaje i nie wrzyna si\u0119. Z przodu dekolt wyci\u0119ty na okr\u0105g\u0142o, z ty\u0142u g\u0142\u0119bsze wyci\u0119cie. Wewn\u0105trz topu jest podszewka tak\u017ce w kolorze czarnym (z delikatnej, niepotliwej tkaniny). Dzi\u0119ki podszewce mo\u017cna do wewn\u0105trz w\u0142o\u017cy\u0107 wk\u0142adki. Pod biustem wszyta jest gumka trzymaj\u0105ca biust. Gumka jest dostosowana do stroju sportowego, nie wrzyna si\u0119 w cia\u0142o. Top jest bardzo wygodny, nie kr\u0119puje ruch\u00f3w, bardzo komfortowy do \u0107wicze\u0144. Preferowany jest tak\u017ce dla dziewczyn z du\u017cym biustem. Top wyst\u0119puje tak\u017ce w komplecie z szortami Crete w kolorze panterki &#8211; Str\u00f3j Crete.<\/p>\n<p><strong><em>Tkanina jest polskiej produkcji, podw\u00f3jnie enzymowana i wyko\u0144czona pow\u0142ok\u0105 antypilingow\u0105.\u00a0<\/em><\/strong><\/p>\n<p><strong>Sk\u0142ad:<\/strong> 80% poliamid, 20% elastan.<\/p>\n<p><strong> <br class=\"avia-permanent-lb\" \/>Wymiary modelki:<\/strong><\/p>\n<ul>\n<li>Wzrost: 167 cm<\/li>\n<li>Szeroko\u015b\u0107 w biu\u015bcie: 82 cm<\/li>\n<li>Szeroko\u015b\u0107 pod biustem: 75 cm<\/li>\n<li>Szeroko\u015b\u0107 w talii: 70 cm<\/li>\n<li>Szeroko\u015b\u0107 w biodrach: 88 cm<\/li>\n<li>Nasza modelka ma na sobie<b> rozmiar S<\/b><\/li>\n<\/ul>\n","protected":false},"excerpt":{"rendered":"<p>Top <strong>Crete<\/strong> w kolorze czarnym.<strong><br \/>\n<\/strong><\/p>\n<p><strong>Wi\u0119kszo\u015b\u0107 kostium\u00f3w szyjemy na indywidualne zam\u00f3wienie. Czas oczekiwania w zale\u017cno\u015bci od tkaniny od 2-10 dni roboczych. W przypadku produkt\u00f3w, kt\u00f3re s\u0105 na stanie, wysy\u0142ka do 48h<\/strong>.<\/p>\n","protected":false},"featured_media":9536,"template":"","meta":[],"product_brand":[],"product_cat":[49,75],"product_tag":[310,53,212],"class_list":{"0":"post-9884","1":"product","2":"type-product","3":"status-publish","4":"has-post-thumbnail","6":"product_cat-pole-dance-exotic","7":"product_cat-topy","8":"product_tag-crete","9":"product_tag-pole-dance","10":"product_tag-top","11":"pa_produkt-stroje-pd","12":"pa_rozmiar-gora-x-small","13":"pa_rozmiar-gora-small","14":"pa_rozmiar-gora-medium","15":"pa_rozmiar-gora-large","16":"pa_rozmiar-gora-x-large","18":"first","19":"onbackorder","20":"shipping-taxable","21":"purchasable","22":"product-type-variable","23":"has-default-attributes"},"_links":{"self":[{"href":"https:\/\/www.makuku.pl\/shop\/index.php?rest_route=\/wp\/v2\/product\/9884","targetHints":{"allow":["GET"]}}],"collection":[{"href":"https:\/\/www.makuku.pl\/shop\/index.php?rest_route=\/wp\/v2\/product"}],"about":[{"href":"https:\/\/www.makuku.pl\/shop\/index.php?rest_route=\/wp\/v2\/types\/product"}],"wp:featuredmedia":[{"embeddable":true,"href":"https:\/\/www.makuku.pl\/shop\/index.php?rest_route=\/wp\/v2\/media\/9536"}],"wp:attachment":[{"href":"https:\/\/www.makuku.pl\/shop\/index.php?rest_route=%2Fwp%2Fv2%2Fmedia&parent=9884"}],"wp:term":[{"taxonomy":"product_brand","embeddable":true,"href":"https:\/\/www.makuku.pl\/shop\/index.php?rest_route=%2Fwp%2Fv2%2Fproduct_brand&post=9884"},{"taxonomy":"product_cat","embeddable":true,"href":"https:\/\/www.makuku.pl\/shop\/index.php?rest_route=%2Fwp%2Fv2%2Fproduct_cat&post=9884"},{"taxonomy":"product_tag","embeddable":true,"href":"https:\/\/www.makuku.pl\/shop\/index.php?rest_route=%2Fwp%2Fv2%2Fproduct_tag&post=9884"}],"curies":[{"name":"wp","href":"https:\/\/api.w.org\/{rel}","templated":true}]}}