{"id":9662,"date":"2025-08-16T11:44:55","date_gmt":"2025-08-16T10:44:55","guid":{"rendered":"https:\/\/www.makuku.pl\/shop\/?post_type=product&#038;p=9662"},"modified":"2025-08-16T11:50:55","modified_gmt":"2025-08-16T10:50:55","slug":"top-formella","status":"publish","type":"product","link":"https:\/\/www.makuku.pl\/shop\/?product=top-formella","title":{"rendered":"Top Formella"},"content":{"rendered":"<p>Top<strong> Formella<\/strong> w kolorze br\u0105zowej panterki . Uszyty jest z mocno elastycznej i wygodnej tkaniny. Top zabudowany z przodu z mocniej wyci\u0119tymi plecami w kszta\u0142cie litery V. Wewn\u0105trz jest podszewka i miejsce na wk\u0142adki. Bardzo wygodny i preferowany tak\u017ce dla dziewczyn z du\u017cym biustem. Top wyst\u0119puje w komplecie z czarnymi szortami &#8211; Str\u00f3j Formella.<\/p>\n<p>&nbsp;<\/p>\n<p><strong>Sk\u0142ad:<\/strong> 90% poliester, 10% lycra.<\/p>\n<p><strong> <br class=\"avia-permanent-lb\" \/>Wymiary modelki:<\/strong><\/p>\n<ul>\n<li>Wzrost: 167 cm<\/li>\n<li>Szeroko\u015b\u0107 w biu\u015bcie: 82 cm<\/li>\n<li>Szeroko\u015b\u0107 pod biustem: 75 cm<\/li>\n<li>Szeroko\u015b\u0107 w talii: 70 cm<\/li>\n<li>Szeroko\u015b\u0107 w biodrach: 88 cm<\/li>\n<li>Nasza modelka ma na sobie<b> rozmiar S<\/b><\/li>\n<\/ul>\n","protected":false},"excerpt":{"rendered":"<p>Top <strong>Formella<\/strong> w kolorze panterkowym.<strong><br \/>\n<\/strong><\/p>\n<p><strong>Wi\u0119kszo\u015b\u0107 kostium\u00f3w szyjemy na indywidualne zam\u00f3wienie. Czas oczekiwania w zale\u017cno\u015bci od tkaniny od 2-10 dni roboczych. W przypadku produkt\u00f3w, kt\u00f3re s\u0105 na stanie, wysy\u0142ka do 48h<\/strong>.<\/p>\n","protected":false},"featured_media":9579,"template":"","meta":[],"product_brand":[],"product_cat":[49,75],"product_tag":[313,53,212],"class_list":{"0":"post-9662","1":"product","2":"type-product","3":"status-publish","4":"has-post-thumbnail","6":"product_cat-pole-dance-exotic","7":"product_cat-topy","8":"product_tag-formella","9":"product_tag-pole-dance","10":"product_tag-top","11":"pa_produkt-stroje-pd","12":"pa_rozmiar-gora-x-small","13":"pa_rozmiar-gora-small","14":"pa_rozmiar-gora-medium","15":"pa_rozmiar-gora-large","16":"pa_rozmiar-gora-x-large","18":"first","19":"onbackorder","20":"shipping-taxable","21":"purchasable","22":"product-type-variable","23":"has-default-attributes"},"_links":{"self":[{"href":"https:\/\/www.makuku.pl\/shop\/index.php?rest_route=\/wp\/v2\/product\/9662","targetHints":{"allow":["GET"]}}],"collection":[{"href":"https:\/\/www.makuku.pl\/shop\/index.php?rest_route=\/wp\/v2\/product"}],"about":[{"href":"https:\/\/www.makuku.pl\/shop\/index.php?rest_route=\/wp\/v2\/types\/product"}],"wp:featuredmedia":[{"embeddable":true,"href":"https:\/\/www.makuku.pl\/shop\/index.php?rest_route=\/wp\/v2\/media\/9579"}],"wp:attachment":[{"href":"https:\/\/www.makuku.pl\/shop\/index.php?rest_route=%2Fwp%2Fv2%2Fmedia&parent=9662"}],"wp:term":[{"taxonomy":"product_brand","embeddable":true,"href":"https:\/\/www.makuku.pl\/shop\/index.php?rest_route=%2Fwp%2Fv2%2Fproduct_brand&post=9662"},{"taxonomy":"product_cat","embeddable":true,"href":"https:\/\/www.makuku.pl\/shop\/index.php?rest_route=%2Fwp%2Fv2%2Fproduct_cat&post=9662"},{"taxonomy":"product_tag","embeddable":true,"href":"https:\/\/www.makuku.pl\/shop\/index.php?rest_route=%2Fwp%2Fv2%2Fproduct_tag&post=9662"}],"curies":[{"name":"wp","href":"https:\/\/api.w.org\/{rel}","templated":true}]}}