{"id":8934,"date":"2025-01-05T20:17:46","date_gmt":"2025-01-05T19:17:46","guid":{"rendered":"https:\/\/www.makuku.pl\/shop\/?post_type=product&#038;p=8934"},"modified":"2025-01-05T20:23:59","modified_gmt":"2025-01-05T19:23:59","slug":"szorty-lajla-red","status":"publish","type":"product","link":"https:\/\/www.makuku.pl\/shop\/?product=szorty-lajla-red","title":{"rendered":"Szorty Lajla Red"},"content":{"rendered":"<p>Szorty<strong> Lajla <\/strong>w kolorze czerwonym. Szorty uszyte s\u0105 z mocno elastycznej tkaniny, kt\u00f3ra dopasowuje si\u0119 do sylwetki. Fason szort\u00f3w to brazyliany, mocno wyci\u0119te na pupie. Stan wysoki. Na pupie maj\u0105 wszyt\u0105 modeluj\u0105c\u0105 gumk\u0119. Dodatkowo zdobione s\u0105 paseczkami na udach i ty\u0142ku. W paskach wszyte s\u0105 gumki &#8211; dzi\u0119ki temu s\u0105 mocno rozci\u0105gliwe i nie wrzynaj\u0105 si\u0119. Szorty dost\u0119pne w komplecie z topem &#8211; zestaw Lajla.<\/p>\n<p><strong>Sk\u0142ad:<\/strong> 90% poliester, 10% lycra.<\/p>\n<p><strong> <br class=\"avia-permanent-lb\" \/>Wymiary modelki:<\/strong><\/p>\n<ul>\n<li>Wzrost: 167 cm<\/li>\n<li>Szeroko\u015b\u0107 w biu\u015bcie: 82 cm<\/li>\n<li>Szeroko\u015b\u0107 pod biustem: 75 cm<\/li>\n<li>Szeroko\u015b\u0107 w talii: 70 cm<\/li>\n<li>Szeroko\u015b\u0107 w biodrach: 88 cm<\/li>\n<li>Nasza modelka ma na sobie<b> rozmiar S<\/b><\/li>\n<\/ul>\n","protected":false},"excerpt":{"rendered":"<p>Szorty<strong> Lajla <\/strong>w kolorze czerwonym.<\/p>\n<p>Wi\u0119kszo\u015b\u0107 kostium\u00f3w szyjemy na indywidualne zam\u00f3wienie. Czas oczekiwania w zale\u017cno\u015bci od tkaniny od 2-10 dni roboczych. W przypadku produkt\u00f3w, kt\u00f3re s\u0105 na stanie, wysy\u0142ka do <strong>48h<\/strong>.<\/p>\n","protected":false},"featured_media":8232,"template":"","meta":[],"product_brand":[],"product_cat":[48,49,74],"product_tag":[273,53,159],"class_list":{"0":"post-8934","1":"product","2":"type-product","3":"status-publish","4":"has-post-thumbnail","6":"product_cat-nowosci","7":"product_cat-pole-dance-exotic","8":"product_cat-szorty","9":"product_tag-lajla","10":"product_tag-pole-dance","11":"product_tag-szorty","12":"pa_produkt-stroje-pd","13":"pa_rozmiar-gora-x-small","14":"pa_rozmiar-gora-small","15":"pa_rozmiar-gora-medium","16":"pa_rozmiar-gora-large","18":"first","19":"onbackorder","20":"shipping-taxable","21":"purchasable","22":"product-type-variable","23":"has-default-attributes"},"_links":{"self":[{"href":"https:\/\/www.makuku.pl\/shop\/index.php?rest_route=\/wp\/v2\/product\/8934","targetHints":{"allow":["GET"]}}],"collection":[{"href":"https:\/\/www.makuku.pl\/shop\/index.php?rest_route=\/wp\/v2\/product"}],"about":[{"href":"https:\/\/www.makuku.pl\/shop\/index.php?rest_route=\/wp\/v2\/types\/product"}],"wp:featuredmedia":[{"embeddable":true,"href":"https:\/\/www.makuku.pl\/shop\/index.php?rest_route=\/wp\/v2\/media\/8232"}],"wp:attachment":[{"href":"https:\/\/www.makuku.pl\/shop\/index.php?rest_route=%2Fwp%2Fv2%2Fmedia&parent=8934"}],"wp:term":[{"taxonomy":"product_brand","embeddable":true,"href":"https:\/\/www.makuku.pl\/shop\/index.php?rest_route=%2Fwp%2Fv2%2Fproduct_brand&post=8934"},{"taxonomy":"product_cat","embeddable":true,"href":"https:\/\/www.makuku.pl\/shop\/index.php?rest_route=%2Fwp%2Fv2%2Fproduct_cat&post=8934"},{"taxonomy":"product_tag","embeddable":true,"href":"https:\/\/www.makuku.pl\/shop\/index.php?rest_route=%2Fwp%2Fv2%2Fproduct_tag&post=8934"}],"curies":[{"name":"wp","href":"https:\/\/api.w.org\/{rel}","templated":true}]}}