{"id":7892,"date":"2024-03-17T13:01:01","date_gmt":"2024-03-17T12:01:01","guid":{"rendered":"https:\/\/www.makuku.pl\/shop\/?post_type=product&#038;p=7892"},"modified":"2025-08-15T12:51:26","modified_gmt":"2025-08-15T11:51:26","slug":"komplet-dalia-silver","status":"publish","type":"product","link":"https:\/\/www.makuku.pl\/shop\/?product=komplet-dalia-silver","title":{"rendered":"Komplet Dalia Silver"},"content":{"rendered":"<p>Str\u00f3j do Pole Dance <strong>Dalia<\/strong> w kolorze srebrnym. Uszyty jest z elastycznej i wygodnej tkaniny z imitacji \u015bwiec\u0105cej sk\u00f3ry. Top z dekoltem w kszta\u0142cie litery V, z ozdobnym marszczeniem na biu\u015bcie, wewn\u0105trz jest miejsce na wk\u0142adki. Plecy zdobione s\u0105 paseczkami. Szorty z \u015brednim stanem, typu brazyliany &#8211; eksponuj\u0105 po\u015bladki. Dodatkowo zdobione s\u0105 cienkimi paseczkami w pachwinach, na pupie maj\u0105 marszczenie. Str\u00f3j na \u017cywo prezentuje si\u0119 wyj\u0105tkowo pi\u0119knie, idealnie sprawdzi do sesji zdj\u0119ciowych, ale tak\u017ce na trening.<\/p>\n<p>&nbsp;<\/p>\n<p><strong>Sk\u0142ad:<\/strong> 97% poliester, 3% lycra.<\/p>\n<p><strong> <br class=\"avia-permanent-lb\" \/>Wymiary modelki:<\/strong><\/p>\n<ul>\n<li>Wzrost: 167 cm<\/li>\n<li>Szeroko\u015b\u0107 w biu\u015bcie: 82 cm<\/li>\n<li>Szeroko\u015b\u0107 pod biustem: 75 cm<\/li>\n<li>Szeroko\u015b\u0107 w talii: 70 cm<\/li>\n<li>Szeroko\u015b\u0107 w biodrach: 88 cm<\/li>\n<li>Nasza modelka ma na sobie<b> rozmiar S<\/b><\/li>\n<\/ul>\n","protected":false},"excerpt":{"rendered":"<p>Str\u00f3j do Pole Dance <strong>Dalia<\/strong> w kolorze srebrnym.<strong><br \/>\n<\/strong><\/p>\n<p>Wi\u0119kszo\u015b\u0107 kostium\u00f3w szyjemy na indywidualne zam\u00f3wienie. Czas oczekiwania w zale\u017cno\u015bci od tkaniny od 2-10 dni roboczych. W przypadku produkt\u00f3w, kt\u00f3re s\u0105 na stanie, wysy\u0142ka do <strong>48h<\/strong>.<\/p>\n","protected":false},"featured_media":7910,"template":"","meta":[],"product_brand":[],"product_cat":[49,50],"product_tag":[304,53],"class_list":{"0":"post-7892","1":"product","2":"type-product","3":"status-publish","4":"has-post-thumbnail","6":"product_cat-pole-dance-exotic","7":"product_cat-komplety","8":"product_tag-dalia","9":"product_tag-pole-dance","10":"pa_produkt-stroje-pd","11":"pa_rozmiar-dol-x-small","12":"pa_rozmiar-dol-small","13":"pa_rozmiar-dol-medium","14":"pa_rozmiar-dol-large","15":"pa_rozmiar-gora-x-small","16":"pa_rozmiar-gora-small","17":"pa_rozmiar-gora-medium","18":"pa_rozmiar-gora-large","20":"first","21":"onbackorder","22":"shipping-taxable","23":"purchasable","24":"product-type-variable","25":"has-default-attributes"},"_links":{"self":[{"href":"https:\/\/www.makuku.pl\/shop\/index.php?rest_route=\/wp\/v2\/product\/7892","targetHints":{"allow":["GET"]}}],"collection":[{"href":"https:\/\/www.makuku.pl\/shop\/index.php?rest_route=\/wp\/v2\/product"}],"about":[{"href":"https:\/\/www.makuku.pl\/shop\/index.php?rest_route=\/wp\/v2\/types\/product"}],"wp:featuredmedia":[{"embeddable":true,"href":"https:\/\/www.makuku.pl\/shop\/index.php?rest_route=\/wp\/v2\/media\/7910"}],"wp:attachment":[{"href":"https:\/\/www.makuku.pl\/shop\/index.php?rest_route=%2Fwp%2Fv2%2Fmedia&parent=7892"}],"wp:term":[{"taxonomy":"product_brand","embeddable":true,"href":"https:\/\/www.makuku.pl\/shop\/index.php?rest_route=%2Fwp%2Fv2%2Fproduct_brand&post=7892"},{"taxonomy":"product_cat","embeddable":true,"href":"https:\/\/www.makuku.pl\/shop\/index.php?rest_route=%2Fwp%2Fv2%2Fproduct_cat&post=7892"},{"taxonomy":"product_tag","embeddable":true,"href":"https:\/\/www.makuku.pl\/shop\/index.php?rest_route=%2Fwp%2Fv2%2Fproduct_tag&post=7892"}],"curies":[{"name":"wp","href":"https:\/\/api.w.org\/{rel}","templated":true}]}}