{"id":6300,"date":"2023-06-18T13:22:28","date_gmt":"2023-06-18T12:22:28","guid":{"rendered":"https:\/\/www.makuku.pl\/shop\/?post_type=product&#038;p=6300"},"modified":"2024-11-28T16:37:07","modified_gmt":"2024-11-28T15:37:07","slug":"komplet-pole-beach-stripes-red-promocja","status":"publish","type":"product","link":"https:\/\/www.makuku.pl\/shop\/?product=komplet-pole-beach-stripes-red-promocja","title":{"rendered":"Komplet Pole Beach Stripes Red"},"content":{"rendered":"<p>Str\u00f3j <strong>Pole Beach Stripes <\/strong>w kolorze czerwonym.\u00a0 Uszyty jest z mocno elastycznej i lekko po\u0142yskliwej tkaniny. Bardzo wygodny i przylegaj\u0105cy materia\u0142, nie kr\u0119puje \u017cadnych ruch\u00f3w podczas \u0107wicze\u0144. Tkanina dopasowuje si\u0119 do sylwetki. Top zak\u0142adany na szyj\u0119 z ozdobnym marszczeniem na biu\u015bcie, mocno eksponuje plecy. Posiada miejsce na wk\u0142adki. B\u0119dzie bardzo dobrym wyborem zar\u00f3wno na ma\u0142y i du\u017cy biust. Szorty z wysokim stanem podkre\u015blaj\u0105ce tali\u0119 i wyd\u0142u\u017caj\u0105ce nogi. Na pupie maj\u0105 wszyt\u0105 modeluj\u0105c\u0105 gumk\u0119. Dodatkow\u0105 ozdob\u0105 s\u0105 paseczki na udach z wszyt\u0105 gumk\u0105, nic si\u0119 nie wrzyna. Idealny do Pole Dance, ale tak\u017ce na pla\u017c\u0119.<\/p>\n<p><strong> <br class=\"avia-permanent-lb\" \/>Wymiary modelki:<\/strong><\/p>\n<ul>\n<li>Wzrost: 167 cm<\/li>\n<li>Szeroko\u015b\u0107 w biu\u015bcie: 82 cm<\/li>\n<li>Szeroko\u015b\u0107 pod biustem: 75 cm<\/li>\n<li>Szeroko\u015b\u0107 w talii: 70 cm<\/li>\n<li>Szeroko\u015b\u0107 w biodrach: 88 cm<\/li>\n<li>Nasza modelka ma na sobie<b> rozmiar S<\/b><\/li>\n<\/ul>\n","protected":false},"excerpt":{"rendered":"<p>Str\u00f3j <strong>Pole Beach Stripes <\/strong>w kolorze czerwonym.<strong><br \/>\n<\/strong><\/p>\n<p>Wi\u0119kszo\u015b\u0107 kostium\u00f3w szyjemy na zam\u00f3wienie. Czas oczekiwania w zale\u017cno\u015bci od tkaniny od 2-10 dni roboczych. W przypadku produkt\u00f3w, kt\u00f3re s\u0105 na stanie, wysy\u0142ka do <strong>48h<\/strong>.<\/p>\n","protected":false},"featured_media":6328,"template":"","meta":[],"product_brand":[],"product_cat":[68,71,49,50],"product_tag":[154,156,53],"class_list":{"0":"post-6300","1":"product","2":"type-product","3":"status-publish","4":"has-post-thumbnail","6":"product_cat-plazowe","7":"product_cat-kostiumy","8":"product_cat-pole-dance-exotic","9":"product_cat-komplety","10":"product_tag-beach","11":"product_tag-pole","12":"product_tag-pole-dance","13":"pa_produkt-stroje-plazowe","14":"pa_produkt-stroje-pd","15":"pa_rozmiar-dol-x-small","16":"pa_rozmiar-dol-small","17":"pa_rozmiar-dol-medium","18":"pa_rozmiar-dol-large","19":"pa_rozmiar-dol-x-large","20":"pa_rozmiar-gora-x-small","21":"pa_rozmiar-gora-small","22":"pa_rozmiar-gora-medium","23":"pa_rozmiar-gora-large","24":"pa_rozmiar-gora-x-large","26":"first","27":"onbackorder","28":"shipping-taxable","29":"purchasable","30":"product-type-variable","31":"has-default-attributes"},"_links":{"self":[{"href":"https:\/\/www.makuku.pl\/shop\/index.php?rest_route=\/wp\/v2\/product\/6300","targetHints":{"allow":["GET"]}}],"collection":[{"href":"https:\/\/www.makuku.pl\/shop\/index.php?rest_route=\/wp\/v2\/product"}],"about":[{"href":"https:\/\/www.makuku.pl\/shop\/index.php?rest_route=\/wp\/v2\/types\/product"}],"wp:featuredmedia":[{"embeddable":true,"href":"https:\/\/www.makuku.pl\/shop\/index.php?rest_route=\/wp\/v2\/media\/6328"}],"wp:attachment":[{"href":"https:\/\/www.makuku.pl\/shop\/index.php?rest_route=%2Fwp%2Fv2%2Fmedia&parent=6300"}],"wp:term":[{"taxonomy":"product_brand","embeddable":true,"href":"https:\/\/www.makuku.pl\/shop\/index.php?rest_route=%2Fwp%2Fv2%2Fproduct_brand&post=6300"},{"taxonomy":"product_cat","embeddable":true,"href":"https:\/\/www.makuku.pl\/shop\/index.php?rest_route=%2Fwp%2Fv2%2Fproduct_cat&post=6300"},{"taxonomy":"product_tag","embeddable":true,"href":"https:\/\/www.makuku.pl\/shop\/index.php?rest_route=%2Fwp%2Fv2%2Fproduct_tag&post=6300"}],"curies":[{"name":"wp","href":"https:\/\/api.w.org\/{rel}","templated":true}]}}