{"id":6279,"date":"2023-06-13T22:43:43","date_gmt":"2023-06-13T21:43:43","guid":{"rendered":"https:\/\/www.makuku.pl\/shop\/?post_type=product&#038;p=6279"},"modified":"2023-12-08T19:07:04","modified_gmt":"2023-12-08T18:07:04","slug":"garnitur-lumino-gray","status":"publish","type":"product","link":"https:\/\/www.makuku.pl\/shop\/?product=garnitur-lumino-gray","title":{"rendered":"Garnitur Lumino Check"},"content":{"rendered":"<p>Bardzo stylowy garnitur z wysokiej jako\u015bci tkaniny z diagonalnym splotem. Kompozycja z motywem kraty o odcieniu br\u0105zowym, czarnym, r\u00f3\u017cowym oraz be\u017cowym. Charakterystycznym elementem marynarki s\u0105 poszerzane r\u0119kawy, kr\u00f3tki fason i wzmocnione delikatn\u0105 poduszk\u0105 ramiona. Zapinana jest na jeden guzik. Szerokie spodnie o prostej nogawce posiadaj\u0105 wysoki stan dzi\u0119ki czemu idealnie komponuj\u0105 si\u0119 z kr\u00f3tk\u0105 marynark\u0105. Zapinane s\u0105 na zamek, po bokach maj\u0105 kieszenie, w pasie s\u0105 zaszewki &#8211; mo\u017cna za\u0142o\u017cy\u0107 do nich pasek. Komplet uszyty jest z bardzo du\u017c\u0105 precyzj\u0105 i dba\u0142o\u015bci\u0105 o detale. Dzi\u0119ki wielobarwnej tkaninie zar\u00f3wno marynarka jak i spodnie pi\u0119knie komponuj\u0105 si\u0119 z czarnymi, bia\u0142ymi, be\u017cowymi czy r\u00f3\u017cowymi cz\u0119\u015bciami innej garderoby. Odpowiedni do but\u00f3w na wysokim obcasie oraz bardzo stylowo wygl\u0105da z bia\u0142ymi trampkami.<\/p>\n<p><strong>Wymiary modelki:<\/strong><\/p>\n<ul>\n<li>Wzrost: 167 cm<\/li>\n<li>Szeroko\u015b\u0107 w biu\u015bcie: 82 cm<\/li>\n<li>Szeroko\u015b\u0107 pod biustem: 75 cm<\/li>\n<li>Szeroko\u015b\u0107 w talii: 70 cm<\/li>\n<li>Szeroko\u015b\u0107 w biodrach: 88 cm<\/li>\n<li>Nasza modelka ma na sobie<b> rozmiar S<\/b><\/li>\n<\/ul>\n<p><strong>Rozmiar S\u00a0<\/strong><\/p>\n<p><em>\u017bakiet:<\/em><\/p>\n<p>D\u0142ugo\u015b\u0107 52cm<\/p>\n<p>D\u0142ugo\u015b\u0107 r\u0119kawa 63cm<\/p>\n<p>Szeroko\u015b\u0107 45cm<\/p>\n<p><em>Spodnie:<\/em><\/p>\n<p>Pas 34cm<\/p>\n<p>Biodra 51cm<\/p>\n<p>D\u0142ugo\u015b\u0107 110cm<\/p>\n<p><strong>Rozmiar M\u00a0<\/strong><\/p>\n<p><em>\u017bakiet:<\/em><\/p>\n<p>D\u0142ugo\u015b\u0107 54cm<\/p>\n<p>D\u0142ugo\u015b\u0107 r\u0119kawa 63cm<\/p>\n<p>Szeroko\u015b\u0107 49cm<\/p>\n<p><em>Spodnie:<\/em><\/p>\n<p>Pas 37cm<\/p>\n<p>Biodra 55cm<\/p>\n<p>D\u0142ugo\u015b\u0107 110cm<\/p>\n<p><strong>Rozmiar L<\/strong><\/p>\n<p><em>\u017bakiet:<\/em><\/p>\n<p>D\u0142ugo\u015b\u0107 56cm<\/p>\n<p>D\u0142ugo\u015b\u0107 r\u0119kawa 63cm<\/p>\n<p>Szeroko\u015b\u0107 53cm<\/p>\n<p><em>Spodnie:<\/em><\/p>\n<p>Pas 41cm<\/p>\n<p>Biodra 59cm<\/p>\n<p>D\u0142ugo\u015b\u0107 110cm<\/p>\n<p><strong>Wymiary mog\u0105 r\u00f3\u017cni\u0107 si\u0119 o (+-)2 cm\u00a0<\/strong><\/p>\n<p><strong>Sk\u0142ad:<\/strong> 63% poliester, 34% wiskoza, 3% elastan<\/p>\n","protected":false},"excerpt":{"rendered":"<p>Garnitur <strong>Lumino\u00a0<\/strong>z motywem kraty. Dost\u0119pny w kilku kolorach.<\/p>\n<p>Wi\u0119kszo\u015b\u0107 produkt\u00f3w szyjemy na zam\u00f3wienie. Czas oczekiwania w zale\u017cno\u015bci od tkaniny od 2-10 dni roboczych. W przypadku produkt\u00f3w, kt\u00f3re s\u0105 na stanie, wysy\u0142ka do <strong>48h<\/strong>.<\/p>\n","protected":false},"featured_media":6173,"template":"","meta":[],"product_brand":[],"product_cat":[256,257,63],"product_tag":[264,265],"class_list":{"0":"post-6279","1":"product","2":"type-product","3":"status-publish","4":"has-post-thumbnail","6":"product_cat-garnitury","7":"product_cat-komplety-garnitury","8":"product_cat-sale","9":"product_tag-garnitur","10":"product_tag-lumino","11":"pa_produkt-garnitury","12":"pa_rozmiar-small","14":"first","15":"instock","16":"sale","17":"shipping-taxable","18":"purchasable","19":"product-type-variable","20":"has-default-attributes"},"_links":{"self":[{"href":"https:\/\/www.makuku.pl\/shop\/index.php?rest_route=\/wp\/v2\/product\/6279","targetHints":{"allow":["GET"]}}],"collection":[{"href":"https:\/\/www.makuku.pl\/shop\/index.php?rest_route=\/wp\/v2\/product"}],"about":[{"href":"https:\/\/www.makuku.pl\/shop\/index.php?rest_route=\/wp\/v2\/types\/product"}],"wp:featuredmedia":[{"embeddable":true,"href":"https:\/\/www.makuku.pl\/shop\/index.php?rest_route=\/wp\/v2\/media\/6173"}],"wp:attachment":[{"href":"https:\/\/www.makuku.pl\/shop\/index.php?rest_route=%2Fwp%2Fv2%2Fmedia&parent=6279"}],"wp:term":[{"taxonomy":"product_brand","embeddable":true,"href":"https:\/\/www.makuku.pl\/shop\/index.php?rest_route=%2Fwp%2Fv2%2Fproduct_brand&post=6279"},{"taxonomy":"product_cat","embeddable":true,"href":"https:\/\/www.makuku.pl\/shop\/index.php?rest_route=%2Fwp%2Fv2%2Fproduct_cat&post=6279"},{"taxonomy":"product_tag","embeddable":true,"href":"https:\/\/www.makuku.pl\/shop\/index.php?rest_route=%2Fwp%2Fv2%2Fproduct_tag&post=6279"}],"curies":[{"name":"wp","href":"https:\/\/api.w.org\/{rel}","templated":true}]}}