{"id":5932,"date":"2023-05-07T22:02:41","date_gmt":"2023-05-07T21:02:41","guid":{"rendered":"https:\/\/www.makuku.pl\/shop\/?post_type=product&#038;p=5932"},"modified":"2023-12-08T18:43:52","modified_gmt":"2023-12-08T17:43:52","slug":"komplet-loretta","status":"publish","type":"product","link":"https:\/\/www.makuku.pl\/shop\/?product=komplet-loretta","title":{"rendered":"Komplet Loretta"},"content":{"rendered":"<p>Str\u00f3j <strong>Loretta\u00a0<\/strong>w kolorze z\u0142oto-czarnym. Komplet uszyty jest z bardzo elastycznej, lekko po\u0142yskliwej tkaniny. Top z dekoltem w liter\u0119 V z paskami na plecach, posiada miejsce na wk\u0142adki. Top w kolorze czarnym ze z\u0142otym wyko\u0144czeniem pod biustem w kolorze szort\u00f3w. Szorty typu brazyliany z mocno wyci\u0119tym ty\u0142em, dodatkowo zdobione s\u0105 paskami na udach i delikatnymi paseczkami w kszta\u0142cie litery X z jednej strony. Szorty maj\u0105 wszyt\u0105 modeluj\u0105c\u0105 gumk\u0119 na pupie, dzi\u0119ki temu idealnie wyeksponowane s\u0105 po\u015bladki. Komplet podkre\u015bla kobiece kszta\u0142ty, jest wyj\u0105tkowy i dzi\u0119ki zestawieniu kolor\u00f3w pi\u0119knie prezentuje si\u0119 na \u017cywo.<\/p>\n<p><strong> <br class=\"avia-permanent-lb\" \/>Wymiary modelki:<\/strong><\/p>\n<ul>\n<li>Wzrost: 167 cm<\/li>\n<li>Szeroko\u015b\u0107 w biu\u015bcie: 82 cm<\/li>\n<li>Szeroko\u015b\u0107 pod biustem: 75 cm<\/li>\n<li>Szeroko\u015b\u0107 w talii: 70 cm<\/li>\n<li>Szeroko\u015b\u0107 w biodrach: 88 cm<\/li>\n<li>Nasza modelka ma na sobie<b> rozmiar S<\/b><\/li>\n<\/ul>\n","protected":false},"excerpt":{"rendered":"<p><strong>Str\u00f3j Loretta\u00a0<\/strong>w kolorze z\u0142oto-czarnym.<\/p>\n<p>Wi\u0119kszo\u015b\u0107 kostium\u00f3w szyjemy na zam\u00f3wienie. Czas oczekiwania w zale\u017cno\u015bci od tkaniny od 2-10 dni roboczych. W przypadku produkt\u00f3w, kt\u00f3re s\u0105 na stanie, wysy\u0142ka do <strong>48h<\/strong>.<\/p>\n","protected":false},"featured_media":6145,"template":"","meta":[],"product_brand":[],"product_cat":[63,49,50],"product_tag":[253,53],"class_list":{"0":"post-5932","1":"product","2":"type-product","3":"status-publish","4":"has-post-thumbnail","6":"product_cat-sale","7":"product_cat-pole-dance-exotic","8":"product_cat-komplety","9":"product_tag-loretta","10":"product_tag-pole-dance","11":"pa_produkt-stroje-pd","12":"pa_rozmiar-dol-small","13":"pa_rozmiar-gora-small","15":"first","16":"instock","17":"sale","18":"shipping-taxable","19":"purchasable","20":"product-type-variable","21":"has-default-attributes"},"_links":{"self":[{"href":"https:\/\/www.makuku.pl\/shop\/index.php?rest_route=\/wp\/v2\/product\/5932","targetHints":{"allow":["GET"]}}],"collection":[{"href":"https:\/\/www.makuku.pl\/shop\/index.php?rest_route=\/wp\/v2\/product"}],"about":[{"href":"https:\/\/www.makuku.pl\/shop\/index.php?rest_route=\/wp\/v2\/types\/product"}],"wp:featuredmedia":[{"embeddable":true,"href":"https:\/\/www.makuku.pl\/shop\/index.php?rest_route=\/wp\/v2\/media\/6145"}],"wp:attachment":[{"href":"https:\/\/www.makuku.pl\/shop\/index.php?rest_route=%2Fwp%2Fv2%2Fmedia&parent=5932"}],"wp:term":[{"taxonomy":"product_brand","embeddable":true,"href":"https:\/\/www.makuku.pl\/shop\/index.php?rest_route=%2Fwp%2Fv2%2Fproduct_brand&post=5932"},{"taxonomy":"product_cat","embeddable":true,"href":"https:\/\/www.makuku.pl\/shop\/index.php?rest_route=%2Fwp%2Fv2%2Fproduct_cat&post=5932"},{"taxonomy":"product_tag","embeddable":true,"href":"https:\/\/www.makuku.pl\/shop\/index.php?rest_route=%2Fwp%2Fv2%2Fproduct_tag&post=5932"}],"curies":[{"name":"wp","href":"https:\/\/api.w.org\/{rel}","templated":true}]}}