{"id":1311,"date":"2023-01-10T16:49:58","date_gmt":"2023-01-10T15:49:58","guid":{"rendered":"https:\/\/www.makuku.pl\/shop\/?post_type=product&#038;p=1311"},"modified":"2025-01-07T21:49:32","modified_gmt":"2025-01-07T20:49:32","slug":"komplet-kleopatra-white","status":"publish","type":"product","link":"https:\/\/www.makuku.pl\/shop\/?product=komplet-kleopatra-white","title":{"rendered":"Komplet Kleopatra White"},"content":{"rendered":"<p>Str\u00f3j <strong>Kleopatra<\/strong> w kolorze bia\u0142ym z ozdobn\u0105, z\u0142ot\u0105 gumk\u0105. Tkanina bardzo elastyczna i wygodna, g\u0142adka. Top z paseczkami na plecach, wewn\u0105trz posiada miejsce na wk\u0142adki. Szorty z podwy\u017cszonym stanem, marszczone na pupie. \u015awietnie sprawdzi si\u0119 do sesji zdj\u0119ciowych.<\/p>\n<p><strong> <br class=\"avia-permanent-lb\" \/>Wymiary modelki:<\/strong><\/p>\n<ul>\n<li>Wzrost: 167 cm<\/li>\n<li>Szeroko\u015b\u0107 w biu\u015bcie: 82 cm<\/li>\n<li>Szeroko\u015b\u0107 pod biustem: 75 cm<\/li>\n<li>Szeroko\u015b\u0107 w talii: 70 cm<\/li>\n<li>Szeroko\u015b\u0107 w biodrach: 88 cm<\/li>\n<li>Nasza modelka ma na sobie<b> rozmiar S<\/b><\/li>\n<\/ul>\n","protected":false},"excerpt":{"rendered":"<p>Str\u00f3j do Pole Dance <strong>Kleopatra<\/strong> w kolorze bia\u0142ym ze z\u0142ot\u0105 gumk\u0105.<strong><br \/>\n<\/strong><\/p>\n<p>Wi\u0119kszo\u015b\u0107 kostium\u00f3w szyjemy na indywidualne zam\u00f3wienie. Czas oczekiwania w zale\u017cno\u015bci od tkaniny od 2-10 dni roboczych. W przypadku produkt\u00f3w, kt\u00f3re s\u0105 na stanie, wysy\u0142ka do <strong>48h<\/strong>.<\/p>\n","protected":false},"featured_media":1362,"template":"","meta":[],"product_brand":[],"product_cat":[49,50],"product_tag":[52,146,53,147],"class_list":{"0":"post-1311","1":"product","2":"type-product","3":"status-publish","4":"has-post-thumbnail","6":"product_cat-pole-dance-exotic","7":"product_cat-komplety","8":"product_tag-gold","9":"product_tag-kleopatra","10":"product_tag-pole-dance","11":"product_tag-white","12":"pa_produkt-stroje-pd","13":"pa_rozmiar-dol-x-small","14":"pa_rozmiar-dol-small","15":"pa_rozmiar-dol-medium","16":"pa_rozmiar-dol-large","17":"pa_rozmiar-dol-x-large","18":"pa_rozmiar-gora-x-small","19":"pa_rozmiar-gora-small","20":"pa_rozmiar-gora-medium","21":"pa_rozmiar-gora-large","22":"pa_rozmiar-gora-x-large","24":"first","25":"onbackorder","26":"shipping-taxable","27":"purchasable","28":"product-type-variable","29":"has-default-attributes"},"_links":{"self":[{"href":"https:\/\/www.makuku.pl\/shop\/index.php?rest_route=\/wp\/v2\/product\/1311","targetHints":{"allow":["GET"]}}],"collection":[{"href":"https:\/\/www.makuku.pl\/shop\/index.php?rest_route=\/wp\/v2\/product"}],"about":[{"href":"https:\/\/www.makuku.pl\/shop\/index.php?rest_route=\/wp\/v2\/types\/product"}],"wp:featuredmedia":[{"embeddable":true,"href":"https:\/\/www.makuku.pl\/shop\/index.php?rest_route=\/wp\/v2\/media\/1362"}],"wp:attachment":[{"href":"https:\/\/www.makuku.pl\/shop\/index.php?rest_route=%2Fwp%2Fv2%2Fmedia&parent=1311"}],"wp:term":[{"taxonomy":"product_brand","embeddable":true,"href":"https:\/\/www.makuku.pl\/shop\/index.php?rest_route=%2Fwp%2Fv2%2Fproduct_brand&post=1311"},{"taxonomy":"product_cat","embeddable":true,"href":"https:\/\/www.makuku.pl\/shop\/index.php?rest_route=%2Fwp%2Fv2%2Fproduct_cat&post=1311"},{"taxonomy":"product_tag","embeddable":true,"href":"https:\/\/www.makuku.pl\/shop\/index.php?rest_route=%2Fwp%2Fv2%2Fproduct_tag&post=1311"}],"curies":[{"name":"wp","href":"https:\/\/api.w.org\/{rel}","templated":true}]}}