{"id":774,"date":"2023-01-09T16:49:56","date_gmt":"2023-01-09T15:49:56","guid":{"rendered":"https:\/\/www.makuku.pl\/shop\/?page_id=774"},"modified":"2023-01-12T15:14:30","modified_gmt":"2023-01-12T14:14:30","slug":"platnosci","status":"publish","type":"page","link":"https:\/\/www.makuku.pl\/shop\/?page_id=774","title":{"rendered":"P\u0142atno\u015bci"},"content":{"rendered":"<h1>P\u0142atno\u015bci <br class=\"avia-permanent-lb\" \/><br class=\"avia-permanent-lb\" \/><\/h1>\n<p>Dla Waszej wygody w sklepie Makuku akceptujemy wiele metod p\u0142atno\u015bci:<\/p>\n<ul>\n<li><b>Przelewy 24<\/b><\/li>\n<li><b>Blik<\/b><\/li>\n<li><strong>Przelew tradycyjny<\/strong><\/li>\n<\/ul>\n<p><br class=\"avia-permanent-lb\" \/>P\u0142atno\u015bci on-line realizowane s\u0105 za po\u015brednictwem operatora Przelewy24.<\/p>\n<p>Przy finalizowaniu zam\u00f3wienia zostaniecie przekierowani do strony operatora Przelewy24, gdzie b\u0119dziecie mogli zdecydowa\u0107 si\u0119 na p\u0142atno\u015b\u0107 kart\u0105, przelewem bankowym czy Blikiem.<\/p>\n\n<style type=\"text\/css\" data-created_by=\"avia_inline_auto\" id=\"style-css-av-2891tu-5e1020bcc5008451455318b466611f98\">\n.avia-image-container.av-2891tu-5e1020bcc5008451455318b466611f98 img.avia_image{\nbox-shadow:none;\n}\n.avia-image-container.av-2891tu-5e1020bcc5008451455318b466611f98 .av-image-caption-overlay-center{\ncolor:#ffffff;\n}\n<\/style>\n<div  class='avia-image-container av-2891tu-5e1020bcc5008451455318b466611f98 av-styling- avia-align-left  avia-builder-el-0  avia-builder-el-no-sibling '   itemprop=\"image\" itemscope=\"itemscope\" itemtype=\"https:\/\/schema.org\/ImageObject\" ><div class=\"avia-image-container-inner\"><div class=\"avia-image-overlay-wrap\"><img decoding=\"async\" fetchpriority=\"high\" class='wp-image- avia-img-lazy-loading-not- avia_image ' src=\"https:\/\/www.makuku.pl\/shop\/wp-content\/uploads\/2023\/01\/proces_platnosci-1030x354-1.png\" alt='' title=''   itemprop=\"thumbnailUrl\"  \/><\/div><\/div><\/div>\n","protected":false},"excerpt":{"rendered":"<p>P\u0142atno\u015bci Dla Waszej wygody w sklepie Makuku akceptujemy wiele metod p\u0142atno\u015bci: Przelewy 24 Blik Przelew tradycyjny P\u0142atno\u015bci on-line realizowane s\u0105 za po\u015brednictwem operatora Przelewy24. Przy finalizowaniu zam\u00f3wienia zostaniecie przekierowani do strony operatora Przelewy24, gdzie b\u0119dziecie mogli zdecydowa\u0107 si\u0119 na p\u0142atno\u015b\u0107 kart\u0105, przelewem bankowym czy Blikiem.<\/p>\n","protected":false},"author":1,"featured_media":0,"parent":0,"menu_order":0,"comment_status":"closed","ping_status":"closed","template":"","meta":{"footnotes":""},"class_list":["post-774","page","type-page","status-publish","hentry"],"_links":{"self":[{"href":"https:\/\/www.makuku.pl\/shop\/index.php?rest_route=\/wp\/v2\/pages\/774","targetHints":{"allow":["GET"]}}],"collection":[{"href":"https:\/\/www.makuku.pl\/shop\/index.php?rest_route=\/wp\/v2\/pages"}],"about":[{"href":"https:\/\/www.makuku.pl\/shop\/index.php?rest_route=\/wp\/v2\/types\/page"}],"author":[{"embeddable":true,"href":"https:\/\/www.makuku.pl\/shop\/index.php?rest_route=\/wp\/v2\/users\/1"}],"replies":[{"embeddable":true,"href":"https:\/\/www.makuku.pl\/shop\/index.php?rest_route=%2Fwp%2Fv2%2Fcomments&post=774"}],"version-history":[{"count":3,"href":"https:\/\/www.makuku.pl\/shop\/index.php?rest_route=\/wp\/v2\/pages\/774\/revisions"}],"predecessor-version":[{"id":4190,"href":"https:\/\/www.makuku.pl\/shop\/index.php?rest_route=\/wp\/v2\/pages\/774\/revisions\/4190"}],"wp:attachment":[{"href":"https:\/\/www.makuku.pl\/shop\/index.php?rest_route=%2Fwp%2Fv2%2Fmedia&parent=774"}],"curies":[{"name":"wp","href":"https:\/\/api.w.org\/{rel}","templated":true}]}}