{"id":770,"date":"2023-01-09T16:42:46","date_gmt":"2023-01-09T15:42:46","guid":{"rendered":"https:\/\/www.makuku.pl\/shop\/?page_id=770"},"modified":"2023-03-01T13:31:40","modified_gmt":"2023-03-01T12:31:40","slug":"koszty-i-terminy-dostawy","status":"publish","type":"page","link":"https:\/\/www.makuku.pl\/shop\/?page_id=770","title":{"rendered":"Koszty i terminy dostawy"},"content":{"rendered":"<h1>Koszty i terminy dostawy<\/h1>\n<p><br class=\"avia-permanent-lb\" \/><br \/>\nNasze produkty wysy\u0142amy do kraj\u00f3w Unii Europejskiej, ceny dostaw i terminy dostarczenia zale\u017c\u0105 od kraju do kt\u00f3rego nadawana jest przesy\u0142ka. <br class=\"avia-permanent-lb\" \/><br class=\"avia-permanent-lb\" \/><\/p>\n<h3>Wysy\u0142ka POLSKA:<\/h3>\n<ul>\n<li><strong>Kurier DPD<\/strong>: 13z\u0142 (1-2 dni)<\/li>\n<li><strong>Paczkomat InPost<\/strong>: 17z\u0142 (1-3 dni)<\/li>\n<\/ul>\n<h3><br class=\"avia-permanent-lb\" \/><br class=\"avia-permanent-lb\" \/><\/h3>\n<h3>Wysy\u0142ka EUROPA:<\/h3>\n<ul>\n<li>Wysy\u0142ka poza granice Polski realizowana jest kurierem DPD zgodnie z poni\u017cszym cennikiem.<\/li>\n<\/ul>\n<table width=\"277\">\n<tbody>\n<tr>\n<td width=\"104\"><strong>Kraj docelowy<\/strong><\/td>\n<td width=\"99\"><strong>Czas dostawy (dni)<br \/>\n<\/strong><\/td>\n<td width=\"74\"><strong>Cena PLN<\/strong><\/td>\n<\/tr>\n<tr>\n<td>Austria<\/td>\n<td>3<\/td>\n<td>69<\/td>\n<\/tr>\n<tr>\n<td>Belgia<\/td>\n<td>3<\/td>\n<td>69<\/td>\n<\/tr>\n<tr>\n<td>Bu\u0142garia<\/td>\n<td>4<\/td>\n<td>99<\/td>\n<\/tr>\n<tr>\n<td>Chorwacja<\/td>\n<td>5<\/td>\n<td>119<\/td>\n<\/tr>\n<tr>\n<td>Czechy<\/td>\n<td>2<\/td>\n<td>69<\/td>\n<\/tr>\n<tr>\n<td>Dania<\/td>\n<td>3<\/td>\n<td>69<\/td>\n<\/tr>\n<tr>\n<td>Estonia<\/td>\n<td>3<\/td>\n<td>69<\/td>\n<\/tr>\n<tr>\n<td>Finlandia<\/td>\n<td>4<\/td>\n<td>99<\/td>\n<\/tr>\n<tr>\n<td>Francja<\/td>\n<td>3<\/td>\n<td>99<\/td>\n<\/tr>\n<tr>\n<td>Grecja<\/td>\n<td>5<\/td>\n<td>149<\/td>\n<\/tr>\n<tr>\n<td>Hiszpania<\/td>\n<td>4<\/td>\n<td>99<\/td>\n<\/tr>\n<tr>\n<td>Holandia<\/td>\n<td>3<\/td>\n<td>69<\/td>\n<\/tr>\n<tr>\n<td>Irlandia<\/td>\n<td>4<\/td>\n<td>99<\/td>\n<\/tr>\n<tr>\n<td>Litwa<\/td>\n<td>2<\/td>\n<td>69<\/td>\n<\/tr>\n<tr>\n<td>Luksemburg<\/td>\n<td>3<\/td>\n<td>69<\/td>\n<\/tr>\n<tr>\n<td>\u0141otwa<\/td>\n<td>2<\/td>\n<td>69<\/td>\n<\/tr>\n<tr>\n<td>Niemcy<\/td>\n<td>2<\/td>\n<td>69<\/td>\n<\/tr>\n<tr>\n<td>Portugalia<\/td>\n<td>4<\/td>\n<td>99<\/td>\n<\/tr>\n<tr>\n<td>Rumunia<\/td>\n<td>4<\/td>\n<td>99<\/td>\n<\/tr>\n<tr>\n<td>S\u0142owacja<\/td>\n<td>2<\/td>\n<td>69<\/td>\n<\/tr>\n<tr>\n<td>S\u0142owenia<\/td>\n<td>4<\/td>\n<td>99<\/td>\n<\/tr>\n<tr>\n<td>Szwecja<\/td>\n<td>3<\/td>\n<td>99<\/td>\n<\/tr>\n<tr>\n<td>W\u0119gry<\/td>\n<td>3<\/td>\n<td>69<\/td>\n<\/tr>\n<tr>\n<td>W\u0142ochy<\/td>\n<td>4<\/td>\n<td>109<\/td>\n<\/tr>\n<\/tbody>\n<\/table>\n","protected":false},"excerpt":{"rendered":"<p>Koszty i terminy dostawy Nasze produkty wysy\u0142amy do kraj\u00f3w Unii Europejskiej, ceny dostaw i terminy dostarczenia zale\u017c\u0105 od kraju do kt\u00f3rego nadawana jest przesy\u0142ka. Wysy\u0142ka POLSKA: Kurier DPD: 13z\u0142 (1-2 dni) Paczkomat InPost: 17z\u0142 (1-3 dni) Wysy\u0142ka EUROPA: Wysy\u0142ka poza granice Polski realizowana jest kurierem DPD zgodnie z poni\u017cszym cennikiem. Kraj docelowy Czas dostawy (dni) [&hellip;]<\/p>\n","protected":false},"author":1,"featured_media":0,"parent":0,"menu_order":0,"comment_status":"closed","ping_status":"closed","template":"","meta":{"footnotes":""},"class_list":["post-770","page","type-page","status-publish","hentry"],"_links":{"self":[{"href":"https:\/\/www.makuku.pl\/shop\/index.php?rest_route=\/wp\/v2\/pages\/770","targetHints":{"allow":["GET"]}}],"collection":[{"href":"https:\/\/www.makuku.pl\/shop\/index.php?rest_route=\/wp\/v2\/pages"}],"about":[{"href":"https:\/\/www.makuku.pl\/shop\/index.php?rest_route=\/wp\/v2\/types\/page"}],"author":[{"embeddable":true,"href":"https:\/\/www.makuku.pl\/shop\/index.php?rest_route=\/wp\/v2\/users\/1"}],"replies":[{"embeddable":true,"href":"https:\/\/www.makuku.pl\/shop\/index.php?rest_route=%2Fwp%2Fv2%2Fcomments&post=770"}],"version-history":[{"count":5,"href":"https:\/\/www.makuku.pl\/shop\/index.php?rest_route=\/wp\/v2\/pages\/770\/revisions"}],"predecessor-version":[{"id":5417,"href":"https:\/\/www.makuku.pl\/shop\/index.php?rest_route=\/wp\/v2\/pages\/770\/revisions\/5417"}],"wp:attachment":[{"href":"https:\/\/www.makuku.pl\/shop\/index.php?rest_route=%2Fwp%2Fv2%2Fmedia&parent=770"}],"curies":[{"name":"wp","href":"https:\/\/api.w.org\/{rel}","templated":true}]}}