{"id":704,"date":"2023-01-09T09:51:50","date_gmt":"2023-01-09T09:51:50","guid":{"rendered":"https:\/\/www.makuku.pl\/shop\/?page_id=704"},"modified":"2025-10-14T21:58:26","modified_gmt":"2025-10-14T20:58:26","slug":"zwroty-reklam","status":"publish","type":"page","link":"https:\/\/www.makuku.pl\/shop\/?page_id=704","title":{"rendered":"Zwroty, reklamacje i wymiany"},"content":{"rendered":"<section  class='av_textblock_section av-lcwgpic3-8b9d0cd37be8d64d59811b26f1779501 '   itemscope=\"itemscope\" itemtype=\"https:\/\/schema.org\/CreativeWork\" ><div class='avia_textblock'  itemprop=\"text\" ><h1>Zwroty, reklamacje i wymiany<\/h1>\n<p><br class=\"avia-permanent-lb\" \/>Ka\u017cdy klient mo\u017ce skorzysta\u0107 z nast\u0119puj\u0105cych praw po spe\u0142nieniu opisanych ni\u017cej warunk\u00f3w.<\/p>\n<h3>ZWROT \/ WYMIANA<\/h3>\n<div class=\"mt-4\">\n<div class=\"text-page-content\">\n<div class=\"row mx-0\">\n<p class=\"col-12\">Kupi\u0142a\u015b, przymierzy\u0142a\u015b i okaza\u0142o si\u0119, \u017ce rozmiar lub fason Ci nie odpowiada? Nie martw si\u0119! Masz 14 dni na zwrot zakupionego towaru.<br \/>\nZwrot \u015brodk\u00f3w nast\u0105pi niezw\u0142ocznie \u2013 <strong>nie p\u00f3\u017aniej ni\u017c 14 dni<\/strong> od otrzymania zwrotu zakupionego towaru.<\/p>\n<p>Aby dokona\u0107 zwrotu nale\u017cy odes\u0142a\u0107 <strong>produkt nie nosz\u0105cy znamion u\u017cytkowania wraz z oryginalnie przyczepionymi etykietami<\/strong> na poni\u017cszy adres. Nale\u017cy do\u0142\u0105czy\u0107 wype\u0142niony formularz potwierdzaj\u0105cy zwrot \/ wymian\u0119 i rachunek w wersji papierowej.<\/p>\n<h3 class=\"col-12\">REKLAMACJA<\/h3>\n<p>Otrzyma\u0142a\u015b produkt, kt\u00f3ry posiada wad\u0119? Nie martw si\u0119! Masz mo\u017cliwo\u015b\u0107 reklamacji \u2013 niezw\u0142ocznie skontaktuj si\u0119 z nami, jednak nie p\u00f3\u017aniej ni\u017c po <strong>24 godzinach<\/strong>.<\/p>\n<p>Aby dokona\u0107 reklamacji nale\u017cy odes\u0142a\u0107 produkt na poni\u017cszy adres wraz z wype\u0142nionym formularzem reklamacji i potwierdzeniem zam\u00f3wienia, kt\u00f3re otrzymali\u015bcie w wersji papierowej wraz z zam\u00f3wieniem.<\/p>\n<h4><strong> <br class=\"avia-permanent-lb\" \/>ADRES DO ZWROT\u00d3W<br \/>\n<\/strong><\/h4>\n<p>Niezale\u017cnie czy wysy\u0142asz zwrot, reklamacj\u0119 czy wymian\u0119, ode\u015blij produkt na poni\u017cszy adres:<\/p>\n<blockquote>\n<p><strong>Paczkomat InPost WRO11N<\/strong><\/p>\n<p>ul. Grota -Roweckiego 168<\/p>\n<p>52-214 Wroc\u0142aw<\/p>\n<p>email: shop@makuku.pl<\/p>\n<p>tel: 507 825 499<\/p>\n<\/blockquote>\n<p><strong> <br class=\"avia-permanent-lb\" \/>Pami\u0119taj prosz\u0119 o podstawowych zasadach:<\/strong><\/p>\n<ul>\n<li>Dobrze zapakuj i zabezpiecz ka\u017cdy zwracany produkt, musi wr\u00f3ci\u0107 w oryginalnym opakowaniu.<\/li>\n<li>Reklamowany produkt powinien by\u0107 czysty.<\/li>\n<li>W przypadku uzasadnionej reklamacji, towar uszkodzony zostanie naprawiony lub wymieniony na taki sam, pe\u0142nowarto\u015bciowy produkt, a je\u015bli b\u0119dzie to niemo\u017cliwe, zwr\u00f3cimy Ci jego koszt.<\/li>\n<li>Forma zwrotu \u015brodk\u00f3w jest zale\u017cna od metody p\u0142atno\u015bci.<\/li>\n<li>Nie przyjmujemy zwrot\u00f3w wysy\u0142anych za pobraniem.<\/li>\n<\/ul>\n<div class=\"avia-image-container av-25bt94-1583dd65626960a9ef2fab1428a2c3d8 av-styling- avia-align-left avia-builder-el-0 avia-builder-el-no-sibling \">\n<div class=\"avia-image-container-inner\">\n<div class=\"avia-image-overlay-wrap\"><a href=\"https:\/\/www.makuku.pl\/shop\/wp-content\/uploads\/2025\/10\/Formularz-zwrotu-Makuku-2.pdf\"><img decoding=\"async\" class=\"avia-img-lazy-loading-not-4300 avia_image alignnone wp-image-9740 size-thumbnail\" title=\"pdf\" src=\"https:\/\/www.makuku.pl\/shop\/wp-content\/uploads\/2025\/10\/Formularz-zwrotu-Makuku-2-pdf-57x80.jpg\" alt=\"\" width=\"57\" height=\"80\" \/><\/a><\/div>\n<\/div>\n<\/div>\n<p><strong><a href=\"https:\/\/www.makuku.pl\/shop\/wp-content\/uploads\/2025\/10\/Formularz-zwrotu-Makuku-2.pdf\">Formularz zwrotu \/ wymiany<\/a><\/strong><\/p>\n<p><strong><a href=\"https:\/\/www.makuku.pl\/shop\/wp-content\/uploads\/2023\/07\/Formularz-reklamacji-Makuku.pdf\">Formularz reklamacji<\/a><\/strong><\/p>\n<\/div>\n<\/div>\n<\/div>\n<\/div><\/section>\n","protected":false},"excerpt":{"rendered":"","protected":false},"author":1,"featured_media":0,"parent":0,"menu_order":0,"comment_status":"closed","ping_status":"closed","template":"","meta":{"footnotes":""},"class_list":["post-704","page","type-page","status-publish","hentry"],"_links":{"self":[{"href":"https:\/\/www.makuku.pl\/shop\/index.php?rest_route=\/wp\/v2\/pages\/704","targetHints":{"allow":["GET"]}}],"collection":[{"href":"https:\/\/www.makuku.pl\/shop\/index.php?rest_route=\/wp\/v2\/pages"}],"about":[{"href":"https:\/\/www.makuku.pl\/shop\/index.php?rest_route=\/wp\/v2\/types\/page"}],"author":[{"embeddable":true,"href":"https:\/\/www.makuku.pl\/shop\/index.php?rest_route=\/wp\/v2\/users\/1"}],"replies":[{"embeddable":true,"href":"https:\/\/www.makuku.pl\/shop\/index.php?rest_route=%2Fwp%2Fv2%2Fcomments&post=704"}],"version-history":[{"count":38,"href":"https:\/\/www.makuku.pl\/shop\/index.php?rest_route=\/wp\/v2\/pages\/704\/revisions"}],"predecessor-version":[{"id":9743,"href":"https:\/\/www.makuku.pl\/shop\/index.php?rest_route=\/wp\/v2\/pages\/704\/revisions\/9743"}],"wp:attachment":[{"href":"https:\/\/www.makuku.pl\/shop\/index.php?rest_route=%2Fwp%2Fv2%2Fmedia&parent=704"}],"curies":[{"name":"wp","href":"https:\/\/api.w.org\/{rel}","templated":true}]}}